e factors of 1 - d/((-9)/(-24)).
3
Let k(n) = n**3 + 12*n**2 + 11*n + 11. Let u be k(-11). Let g = -6 + u. Suppose -j + 23 = 2*y, -4*j - y + 52 = -g. List the prime factors of j.
13
Let n(q) = -4*q**3 + q**2 + q + 2. List the prime factors of n(-2).
2, 3
Let f(m) = m**3 + m**2 + m + 2. Let n = -3 + 3. Let j be f(n). What are the prime factors of (-114)/(-8) - j/8?
2, 7
Suppose g + f = -f + 23, -g + 35 = -f. Let c = g - 16. List the prime factors of c.
3, 5
What are the prime factors of 9/(-15) + (-14729)/(-65)?
2, 113
Suppose 2*q - 8 = 0, q = -7*c + 3*c + 16. Let z be (1 - c)/((-2)/27). Suppose -2*w = -3*k - z, 0 = -3*w - k + 12 + 12. What are the prime factors of w?
3
Suppose 7 = 2*n - 11. Let o = n + 0. What are the prime factors of o?
3
Let g(h) = h**2 - 10*h + 15. List the prime factors of g(12).
3, 13
Let d(l) = -9 - 2*l**3 + 5*l**2 + l**2 + 0*l**2 - 3*l + 3*l**3. List the prime factors of d(-6).
3
Suppose -4*a - 68 = 2*n, -5*n + 14 = 2*a + 64. Let f be -3*1/((-2)/(-18)). Let b = a - f. What are the prime factors of b?
2, 3
Let s(x) = x + 24. What are the prime factors of s(-10)?
2, 7
List the prime factors of (6 + -10)*55/(-2).
2, 5, 11
Let z be 2/(-6) + (-17)/3. Let c = 11 + z. What are the prime factors of c?
5
Let l = 298 + -148. What are the prime factors of l?
2, 3, 5
Let o(k) = k**3 - 7*k**2 + 8*k. What are the prime factors of o(6)?
2, 3
Suppose 10 = -4*h + 106. Suppose -t = 4, 0*t = -2*i + 2*t + h. What are the prime factors of i?
2
Let q(a) = -2*a - 11. Let i be q(-11). Let w = i + -20. What are the prime factors of (-4)/18 - 29/w?
3
Let x = -11 + 17. Let u be 42/9 - (-4)/(-6). What are the prime factors of x/4 + 26/u?
2
Let x(r) = 18*r**2 + 2*r + 1. List the prime factors of x(-1).
17
Suppose -4*z + 10 = -2*i, -2*i - 12 = -5*z - 0*i. Suppose 6*a = z*a. Suppose a = 5*j - 3*j - 20. What are the prime factors of j?
2, 5
Suppose -5*w = 4*h - 212, 2*h = 5*w - h - 191. Let n be 15/(-6)*(-1 + -1). Suppose 4*j + 5*t + 14 = 59, n*t - w = -3*j. List the prime factors of j.
5
Let b(z) = -6*z + 2. Let i be b(-4). Suppose -3*l + i = -l. List the prime factors of l.
13
Let o be 98/10 + (-3)/(-15). Let w be (-16)/(-10)*o/4. Let v = 15 - w. List the prime factors of v.
11
Suppose m - 2*m = -5*j, -m - 3*j + 16 = 0. List the prime factors of (m/4)/(4/56).
5, 7
Suppose -4*h = -12 - 108. Let q = -3 - 17. Let a = h + q. List the prime factors of a.
2, 5
Suppose -60 = -g + 11. What are the prime factors of g?
71
Let p(k) = -k**3 - 3*k**2 + k + 2. Let n be p(-3). Let w be (-3)/(-3)*n/1. Let i = w - -7. What are the prime factors of i?
2, 3
Suppose 8 = 4*l - 8. Suppose -l*k = 2*j + 2*j - 108, 3*j - k = 65. List the prime factors of j.
23
Let i(a) = -2*a**3 - 3*a**2 + 7*a - 2. Let t be i(-5). Suppose 5*x = -23 + t. What are the prime factors of x?
23
Let n = 0 - -2. Suppose 2 = -r, -n*o + 26 = 2*r + 2*r. Let z = -12 + o. What are the prime factors of z?
5
Let j(y) = y**2 + 8*y + 10. Let u be j(-8). List the prime factors of 85/u*(1 + 1).
17
Suppose 2 = 2*g - 4. Let r = g - 3. Suppose 8 = -r*h + 4*h. List the prime factors of h.
2
List the prime factors of (-10)/20 + (-1)/(2/(-303)).
151
Let h = 3 + 18. What are the prime factors of h?
3, 7
Let n = 22 - 34. Suppose -z + 27 = 5*b, -2*z - 36 = -7*b + 2*b. What are the prime factors of 2/b - 140/n?
2, 3
Let q be (-4)/(-4) + 1*-3. Let h = 5 + q. List the prime factors of h.
3
Suppose d + 111 = -2*d - 3*a, 4*a - 17 = d. Let p = d + 49. What are the prime factors of p?
2
Let u = 213 - 24. List the prime factors of u.
3, 7
Suppose 5*c = 5, -3*c = -5*b + 104 + 33. Let m = b + 23. Suppose m = 4*g - 9. List the prime factors of g.
3, 5
Let x(t) = 2*t**2 - t - t**2 - 5 + 0*t**2. Let y be x(5). Suppose 9*j - 4*j - y = 0. List the prime factors of j.
3
Let w(p) = 10*p**2. Let r(t) = t**3 + 3*t**2 - 4*t + 1. Let x be r(-4). What are the prime factors of w(x)?
2, 5
Let n(u) = 5*u + 1 + 1 - 4*u. Let l be n(8). Suppose 0 = 2*f - 0 + 2, o + 3*f = l. List the prime factors of o.
13
Suppose -7 = 3*x - 1. Let u(r) be the third derivative of r**5/30 + r**3/3 + r**2. List the prime factors of u(x).
2, 5
Let r = -6 + 17. Suppose -3*z + t = -3*t + 6, -z - 3*t = -r. List the prime factors of z.
2
Suppose -i = 5*d - 95, 5*d - 5*i - 89 - 6 = 0. What are the prime factors of d?
19
Let o(h) = h**3 - 8*h**2 + 6*h + 7. Let s be o(7). Suppose y = -3*y + 8. Suppose s = 4*l + y*f - 18, -1 = -2*f + f. What are the prime factors of l?
2
Let f(a) = -a**3 + 7*a**2 - 3*a - 13. Let u be f(6). Suppose 10 = 5*q, -k + 22 = -2*q + u*q. List the prime factors of k.
2
List the prime factors of 23 + -3 + -1 + -3.
2
Suppose -15 = -4*s - s. List the prime factors of s.
3
Let m(u) = -u**2 - u + 31. Let z be m(0). Let f = z + -22. List the prime factors of f.
3
Suppose 3*t - 2 = 22. Suppose -3*u + t = -u. What are the prime factors of u?
2
Suppose 3*h + 3*a - 8*a - 31 = 0, h = -a - 3. Suppose 3*f - 4 = h*f. Let s(m) = -m**3 + 3*m**2 + 6*m - 2. What are the prime factors of s(f)?
2, 3
Let z = 8 - 5. Suppose -4*c + 32 = z*i, 0 = c + c - 2*i - 30. List the prime factors of c.
11
Suppose -3*x = v - 683, 0 = -4*v + 1 + 7. List the prime factors of x.
227
Let j be 1 + (0 - -4) - 0. Suppose -15 = -5*r + j. Suppose 2*a + 2*a + 4*p = 0, 0 = r*a - 2*p - 18. List the prime factors of a.
3
Suppose -4*i + 3*i + 4 = 0. Suppose 2*u = i*u + 6. Let h(l) = -l**2 - 6*l - 1. List the prime factors of h(u).
2
Let l(w) = -15*w + 1. Suppose -3*h - 2*k = 2*h + 11, 0 = 3*h + k + 7. What are the prime factors of l(h)?
2, 23
Suppose -2*s - 116 = -3*s. List the prime factors of s.
2, 29
Let j(o) = o**2 + 5*o + 6. Let i be (-2 - -1 - 0)*5. Let x be j(i). What are the prime factors of ((-26)/(-6))/(2/x)?
13
Let h(s) = -39*s - 2. Let f be h(-3). Suppose -4*q = -9*q + f. List the prime factors of q.
23
Let c be ((-4)/(-10))/(2/50). Let t = c - -1. List the prime factors of t.
11
Let k(y) be the third derivative of -4*y**2 + 0 - 1/2*y**3 - 3/8*y**4 + 0*y. List the prime factors of k(-2).
3, 5
Let h be -42*((-2)/(-4) + 0). Let l be (-14)/h + 136/3. What are the prime factors of l/4 - 1/2?
11
Let r be (-18)/(-4)*8/6. Suppose r*v - 16 = 5*v. List the prime factors of v.
2
Suppose 3*h - u = -2*h + 35, 3*u = 15. Suppose -n = -3*v + 2*v - h, 5*v + 4*n = -22. Let r(s) = -3*s + 2. What are the prime factors of r(v)?
2, 5
Suppose -w - h + 0*h + 86 = 0, -2*w = -4*h - 196. What are the prime factors of w?
2, 3, 5
Let r(v) be the first derivative of -v**4/4 - 4*v**3/3 + 2*v**2 + 4*v + 6. Let f be 2/(-7) - (-66)/(-14). What are the prime factors of r(f)?
3
Suppose 0 = 3*a + 4*c - c - 21, 3*a = -2*c + 16. Suppose a + 0 = i. What are the prime factors of i?
2
Let b be 2*-1 + -1 + 4. Suppose -3*v = -73 + b. What are the prime factors of v?
2, 3
Let b(u) = 2*u**2 - 2*u - 1. Let f be b(-1). Let c(k) = -2*k**3 + k**3 + k**2 - k + 2*k**f + 11 + 10. List the prime factors of c(0).
3, 7
What are the prime factors of 76*(-4)/(-32)*2?
19
Let r = 13 + 46. What are the prime factors of r?
59
What are the prime factors of (2/(-3))/((-7)/(5985/6))?
5, 19
Let s be (-42)/(-10) + 7/(-35). Suppose -d = d - s. What are the prime factors of d?
2
Let k(f) = 2*f - 12. What are the prime factors of k(11)?
2, 5
Let n = -26 - -48. List the prime factors of n.
2, 11
Let s(x) = -x**2 - 3*x + 4. Let a be s(-3). List the prime factors of 2/a - (-82)/4.
3, 7
Let r be 48/2*(-1)/2. Let v be 2/(-1)*4/8. Let s = v - r. What are the prime factors of s?
11
Let w be (0/(-2))/(3 + -1). Let k(x) = -x - 1. Let s be k(w). List the prime factors of (-1)/(-1)*(s + 3).
2
Let c(i) = i**3 + 11*i**2 + 17*i + 19. Let u be c(-13). Let w be u/(-6)*1/(-2). What are the prime factors of w/(-4) - (-4)/(-16)?
11
Let j be (-5 - 2)/(-1) - 1. Suppose 2*d = j*d - 16. Suppose 0 = 3*s - d - 11. List the prime factors of s.
5
Suppose -2*l - 4 = 3*a, 5*a - 2*l - l + 32 = 0. Let x = 18 + a. What are the prime factors of x?
2, 7
Let l = 13 - 22. Suppose -5*h - 2*t = 16, 6 + 8 = -h - 4*t. What are the prime factors of (-111)/l + h/6?
2, 3
Suppose 2*o + 60 = -3*o. Let f = o - -6. What are the prime factors of (f/7)/((-3)/21)?
2, 3
Let u be 4/6 + (-8)/12. Suppose u = -x - 3*x. Suppose i = -x*i + 7. What are the prime factors of i?
7
Suppose -m - 5 = -7. Suppose